actor of 2180649 and 17889.
201
What is the greatest common factor of 516707 and 19480?
487
Calculate the greatest common factor of 26529294 and 99.
33
Calculate the highest common factor of 3395808 and 206784.
288
Calculate the greatest common factor of 64898322 and 4.
2
Calculate the highest common divisor of 102767546 and 154.
14
Calculate the highest common divisor of 3205881 and 25368.
3171
What is the highest common divisor of 10640 and 103444208?
2128
What is the greatest common factor of 107517806 and 44?
22
What is the highest common divisor of 905438 and 237046?
3886
Calculate the greatest common factor of 54 and 4462122.
6
Calculate the greatest common factor of 333 and 32387469.
111
Calculate the greatest common divisor of 20948760 and 10584.
1512
What is the highest common factor of 862457189 and 2563?
2563
Calculate the highest common divisor of 26877179 and 161.
161
What is the highest common divisor of 16284 and 23504?
4
What is the highest common divisor of 5953188 and 24904?
1132
Calculate the highest common divisor of 44139452 and 1148.
1148
What is the greatest common factor of 121733 and 203683?
149
What is the highest common divisor of 34155 and 343781?
23
What is the highest common divisor of 233244 and 512802?
558
What is the highest common divisor of 493 and 5698268?
29
Calculate the highest common divisor of 4073281713 and 173.
173
Calculate the greatest common factor of 368 and 7338472.
184
Calculate the highest common factor of 4063 and 3907650.
239
Calculate the greatest common divisor of 45543051 and 153.
153
Calculate the greatest common divisor of 719037 and 2168947.
2959
Calculate the greatest common divisor of 1464 and 957822.
366
What is the greatest common factor of 55192 and 3624?
8
What is the greatest common factor of 6096 and 164352?
48
Calculate the highest common factor of 612 and 14838144.
204
What is the highest common factor of 688487 and 1775?
71
What is the greatest common divisor of 12049596 and 1560?
156
Calculate the greatest common divisor of 13706253 and 81.
81
Calculate the greatest common divisor of 31 and 46774846.
31
Calculate the highest common divisor of 8281 and 24500437.
169
What is the highest common divisor of 1260 and 9511110?
630
What is the highest common divisor of 9480 and 13477084?
316
Calculate the greatest common factor of 34410 and 59153010.
1110
What is the greatest common divisor of 92 and 10546259?
23
Calculate the greatest common factor of 17605554 and 8088.
2022
What is the highest common factor of 3129719 and 74?
37
Calculate the greatest common factor of 937461 and 10752.
21
Calculate the greatest common factor of 142384927 and 10646.
5323
What is the highest common factor of 889 and 5062601?
127
What is the greatest common divisor of 1085 and 13104165?
155
What is the greatest common divisor of 243 and 173442?
3
What is the highest common divisor of 352755577 and 69?
23
What is the greatest common divisor of 27717940 and 89370?
3310
Calculate the highest common factor of 7226165 and 10755.
1195
Calculate the greatest common factor of 370970 and 1030.
10
What is the greatest common divisor of 23670 and 102?
6
What is the highest common divisor of 85937 and 13357?
19
What is the greatest common factor of 274098 and 428472?
66
Calculate the greatest common factor of 129 and 136728347.
43
What is the highest common divisor of 3647422 and 1082?
1082
Calculate the greatest common divisor of 3904008 and 72.
24
What is the highest common factor of 9514 and 8442?
134
Calculate the greatest common divisor of 2165668669 and 53.
53
What is the greatest common factor of 2044543 and 4444?
101
Calculate the highest common factor of 253104 and 19368.
24
Calculate the highest common divisor of 8789 and 135707.
11
What is the highest common divisor of 82 and 19904885?
41
What is the highest common factor of 998731 and 145?
29
Calculate the greatest common factor of 5280 and 669152.
352
What is the highest common factor of 5338 and 1282376?
314
Calculate the greatest common divisor of 288 and 8406198.
18
Calculate the highest common factor of 397208 and 15316728.
9688
Calculate the greatest common factor of 1036930 and 556949.
1069
Calculate the highest common factor of 21375976 and 1636.
1636
Calculate the highest common divisor of 158037515 and 25.
5
Calculate the greatest common divisor of 68393455 and 232.
29
What is the highest common factor of 23095654 and 358?
358
What is the greatest common factor of 255640 and 24980?
20
What is the greatest common factor of 31565 and 5665115?
535
Calculate the highest common divisor of 1130536 and 158224.
2552
What is the highest common factor of 92872 and 29085732?
988
Calculate the highest common divisor of 25038706 and 539.
539
Calculate the highest common divisor of 129 and 14717653.
43
What is the greatest common divisor of 1394712 and 1452?
132
What is the greatest common factor of 7382 and 364807367?
3691
Calculate the greatest common factor of 10 and 517905410.
10
What is the greatest common factor of 3930 and 768390?
30
What is the highest common divisor of 60874948 and 217?
31
Calculate the highest common factor of 139128 and 44643224.
4216
What is the highest common factor of 1140 and 27886300?
380
Calculate the greatest common divisor of 2114240 and 80.
80
What is the greatest common divisor of 20260 and 2844460?
20
What is the highest common factor of 434281 and 10544?
659
What is the highest common factor of 65497591 and 202?
101
Calculate the greatest common divisor of 197671415 and 7390.
3695
What is the highest common factor of 896 and 85368?
8
Calculate the greatest common factor of 84700528 and 137632.
2992
Calculate the highest common divisor of 103878 and 3393.
261
What is the highest common divisor of 712876 and 32147?
31
Calculate the greatest common divisor of 2096 and 116526596.
524
Calculate the highest common divisor of 1847521300 and 515.
515
Calculate the highest common divisor of 21926618 and 1372.
686
Calculate the highest common factor of 1119537840 and 48.
48
Calculate the highest common factor of 988 and 1412438872.
988
Calculate the greatest common divisor of 930240296 and 4.
4
What is the greatest common divisor of 620 and 9668940?
20
What is the highest common divisor of 233574125 and 950?
475
What is the greatest common factor of 5203 and 7754835?
473
What is the greatest common divisor of 2716984 and 814?
74
What is the greatest common factor of 706456 and 969746?
466
Calculate the highest common factor of 13 and 1128778976.
13
Calculate the greatest common divisor of 279 and 49852278.
279
Calculate the greatest common factor of 7667075 and 12220.
65
What is the greatest common factor of 405 and 241347060?
135
What is the greatest common factor of 27339773 and 244?
61
Calculate the highest common factor of 75820 and 316200.
340
Calculate the greatest common divisor of 293092 and 93178312.
6236
What is the highest common divisor of 13959 and 1454603?
47
What is the greatest common divisor of 10198 and 306?
2
What is the greatest common divisor of 1216 and 558079552?
1216
Calculate the greatest common factor of 215852 and 129584.
364
Calculate the highest common divisor of 248418137 and 781.
781
Calculate the greatest common factor of 210 and 329370.
30
What is the greatest common divisor of 620416 and 3112?
8
What is the greatest common factor of 7314 and 1447854?
318
Calculate the greatest common divisor of 3110601 and 163137.
1833
Calculate the highest common divisor of 82337 and 17804625.
601
What is the highest common divisor of 233887164 and 84?
84
What is the greatest common factor of 16207 and 25099?
19
What is the highest common divisor of 2810777 and 2004?
167
What is the highest common divisor of 31252078 and 368368?
6578
Calculate the highest common factor of 7722 and 1034154.
594
What is the greatest common divisor of 58753309 and 8296?
1037
Calculate the greatest common divisor of 1666485 and 399701.
1277
Calculate the greatest common factor of 5818349 and 6575.
263
Calculate the highest common divisor of 11688840 and 2055.
2055
What is the highest common factor of 1674 and 168335766?
1674
Calculate the highest common factor of 12542640 and 33990.
330
What is the greatest common factor o